 h be ((-24)/5)/(s/(-70)). Calculate the highest common factor of 2 and h.
2
Let r = 20 - -1. Let o(k) = -21*k - 15. Let j(i) = 21*i + 13. Let d(y) = 3*j(y) + 4*o(y). Let m be d(-6). Calculate the greatest common factor of m and r.
21
Let d(f) be the second derivative of 19*f**4/12 - 4*f**3/3 + 5*f**2/2 - f. Let m = -504 + 501. Let l be d(m). What is the greatest common factor of 40 and l?
40
Let l = -8516 + 8909. What is the greatest common factor of l and 6?
3
Suppose 319 = 5*y - 1276. Suppose y*d - 316*d = 2079. What is the highest common divisor of 63 and d?
63
Let z(o) = -o**3 - 32*o**2 + 145*o + 412. Let f be z(-36). Calculate the greatest common factor of 320 and f.
8
Let t(c) = c**3 + 6*c**2 - 6*c + 4. Suppose -n + 27 = -0*d - 5*d, 5*n = d - 9. Let h be t(d). What is the highest common factor of h and 8?
8
Let m(q) = q**3 + q + 31. Let g be m(0). Let v(n) = 2*n + 4. Let y be v(12). Suppose -g*s - y = -32*s. What is the highest common factor of s and 112?
28
Suppose -7*p = -89 - 37. Let o(g) = 2*g - 14. Let x be o(7). Suppose 2*i - 4 = 3*z, 3*i + 0*z + 4*z - 6 = x. What is the greatest common divisor of p and i?
2
Let m(b) = 8*b + 312. Let u be m(-36). Calculate the greatest common divisor of u and 2648.
8
Let u = 5 - -148. Let g = -149 + u. Calculate the greatest common factor of g and 8.
4
Let m = 80 - 150. Let x = -27 - m. Calculate the highest common divisor of 473 and x.
43
Suppose 0 - 28 = -5*a + 3*h, 3*a - 14 = -h. Suppose 0 = -10*i + a*i + 300. Suppose -3*j - 2*j + 60 = 0. Calculate the greatest common divisor of j and i.
12
Let r(v) = -577*v + 411. Let l be r(-3). What is the greatest common divisor of 2618 and l?
238
Suppose 0*f + 6 = -f. Let d be 4*3*(-27)/f. Let j(c) = 4*c**2 - 6*c + 27. Let p be j(6). Calculate the greatest common divisor of p and d.
27
Let o = -4300 - -4419. Calculate the highest common factor of o and 70.
7
Let r be ((-2)/20)/(1/6) - (-4965)/25. What is the highest common factor of 187 and r?
11
Suppose -213*o + 211*o + 2375 = -r, -5*o + 5951 = -4*r. Calculate the highest common factor of o and 1547.
91
Let d = 157 - 109. Let y = -2699 + 2955. Calculate the highest common divisor of y and d.
16
Let h be (-16293)/(-8) - ((-5)/10 + (-5)/(-40)). What is the greatest common divisor of 97 and h?
97
Suppose -4*l = -y - 5, l = 2*y + 2*l - 35. Let w = y + 125. What is the highest common divisor of 14 and w?
14
Let u = 2666 + -2650. Calculate the greatest common divisor of 2 and u.
2
Let z be ((-808)/1)/(-2) - (15 - 3)/(-3). Calculate the greatest common divisor of z and 255.
51
Let m = -509 - -516. Suppose m*r = 59 + 2377. Calculate the greatest common divisor of r and 261.
87
Suppose 5*p - 29 = 3*v, 7*p - 5*p = -2*v + 2. Suppose 4*q - 52 = -4*x, p*x - 3*x = -4*q + 55. What is the greatest common factor of q and 8?
2
Suppose 41*r - 160*r + 102816 = 0. Calculate the highest common factor of 44 and r.
4
Suppose 3*l = 3*d - 4*d - 15, -5*l = 10. Let u(m) = 2*m**2 - 10*m + 8. Let f be u(d). Calculate the highest common divisor of 20 and f.
20
Let r be (185/(-45) - -4) + 12402/81. Let d = -2 + 11. Calculate the highest common factor of d and r.
9
Let a(u) = u**3 + 9*u**2 - 15*u - 81. Let o be a(-6). Let t = -38 + 51. What is the highest common factor of o and t?
13
Let s = -84677 + 84744. Let g(d) = d**3 - 3*d**2 - 6*d - 5. Let j be g(6). What is the greatest common factor of j and s?
67
Let u be ((-33)/4)/11*-4 - -10328. Suppose -34*s + 30799 - u = 0. What is the greatest common divisor of s and 14?
14
Let s(k) = -8*k - 69. Let u be s(-8). Let q be u/(15/(-198))*(-14)/(-42). What is the highest common divisor of 638 and q?
22
Let r be 148 + 2 - (-6)/(-2). Suppose -5*s + r = 16*s. Suppose -2*i + 5*p = -9, -2*p + 18 = 5*i - 19. What is the highest common divisor of s and i?
7
Let f(d) = -5*d - 1. Let t be f(-3). Let n = 1 - -7. Suppose 275 = -n*m + 1059. Calculate the highest common factor of t and m.
14
Let n be -15 + 12 + -8 + 170. What is the greatest common factor of 583 and n?
53
Let q = -94 - -8. Let t = q - -154. Let v be 2/(-6) - 2/(-12)*t. What is the greatest common factor of v and 88?
11
Let h = 394 - -1598. Calculate the highest common divisor of 24 and h.
24
Let j = 168 - 208. Let u be (4 - j/(-4))*-13. Calculate the greatest common divisor of 468 and u.
78
Let a = -2921 + 7025. Calculate the greatest common divisor of a and 504.
72
Let h = 4359 - -1073. What is the highest common divisor of h and 56?
56
Let v be ((-60)/75)/(2/170*-1). Suppose -b + 4*d + v = 0, -5*d = -3*b + 5*b - 188. Calculate the greatest common divisor of 196 and b.
28
Let o(t) = -2*t**3 - 23*t**2 + 32*t + 471. Let l be o(-12). Calculate the greatest common factor of 1925 and l.
77
Let c(p) = -2*p**2 + 37*p + 19. Let x be c(16). Suppose 20*a - x = 9*a. Suppose 4*s - 297 = s. What is the greatest common divisor of a and s?
9
Let b be 63*(-9)/(-12) + 9/12. Let m = -46 + b. Suppose 0*p - 136 = -m*p. Calculate the greatest common factor of 170 and p.
34
Let y(x) be the third derivative of -x**4 + 46*x**3/3 - 295*x**2. Let q be y(3). What is the highest common divisor of q and 135?
5
Suppose 16*d + g - 366 = 14*d, 0 = -2*d - 5*g + 358. What is the highest common divisor of 2254 and d?
46
Let i(v) = -v**2 + 64*v - 127. Let h be i(61). Let d = -171 + 311. Calculate the highest common divisor of h and d.
28
Let o be -908*3/(-21) + (-30)/(-105). Let u = -123 - -357. Calculate the greatest common divisor of o and u.
26
Let k be ((-3 - 228) + 19)/((-3)/(57/2)). What is the greatest common factor of 266 and k?
38
Suppose -51*c = -114536 - 419893. Calculate the highest common divisor of 7 and c.
7
Suppose -94 - 86 = -5*l. Let x(p) = p**2 - 2*p - 7*p + 24 + p**3 + 10*p. Let h be x(0). Calculate the greatest common divisor of h and l.
12
Suppose 68*w = 62992 + 20444. What is the highest common divisor of 3 and w?
3
Let d be (-238)/(-3) + (-1)/3. Let o = 111 - d. Suppose -7*c = 4*l - 16, l - 4 = 5*c - 0. Calculate the greatest common factor of o and l.
4
Let o = -145 - -1365. What is the greatest common divisor of o and 20?
20
Suppose -96*p - 264 = -140*p. What is the highest common divisor of p and 10812?
6
Let t be (-7)/35 - (-256)/5. Calculate the highest common factor of 30 and t.
3
Let o be 0/(((-3)/1)/1). Suppose o = 3*n - 4 - 8. Suppose -n*x - 4*h + 104 = 0, -4*h + 0*h = -4*x + 96. What is the greatest common factor of x and 25?
25
Let g(p) = p**3 + 22*p**2 + 18*p - 15. Let f be g(-21). Let u be 110/(-4)*f/(-40). Calculate the highest common factor of 363 and u.
33
Suppose 50*b - 1783 - 901 = -884. Calculate the greatest common factor of 20 and b.
4
Let u(r) = -210*r + 501. Let j be u(-4). Calculate the highest common divisor of j and 18.
9
Let n = -22883 - -22962. Calculate the greatest common factor of n and 4.
1
Suppose -3*y - 7*b = -3*b - 472, 3*y - 3*b = 444. Let z(x) = -22*x + 30. Let i be z(1). Calculate the highest common factor of y and i.
8
Let j(l) = 2*l**2 + 8*l. Let d be j(-4). Suppose 4*q - 20 = -d*q. Suppose -c + 6 = 2*y, 3*c + 3*y + 33 = q*c. Calculate the highest common divisor of c and 30.
6
Suppose -4*v + 5*q + 0 = -107, -1 = -q. Calculate the greatest common divisor of 2954 and v.
14
Let f be ((-12)/(-10) - 0)/((-14)/(-420)). Suppose f = 2*q + 4*k, q + 0*k = -4*k + 8. What is the highest common factor of q and 658?
14
Let c be 88/12*6/22*16. Let w(d) = 48*d**3 - d**2 + 1. Let m = -1 + 2. Let y be w(m). Calculate the greatest common divisor of c and y.
16
Let j = -391 - -381. Let g be 27/15*(15 + j). What is the highest common divisor of 1449 and g?
9
Suppose 22*i - 15 = 17*i. Let x be i - (10 + -1)*(-1 - 0). What is the highest common factor of 192 and x?
12
Let r be (-34)/((-238)/147) - -91. Calculate the highest common factor of r and 9968.
112
Let f = 45448 + -44408. Calculate the highest common factor of f and 656.
16
Let p be 2/(-7) - (-9750)/21. Let m(l) = -124*l - 13466. Let u be m(-110). Calculate the highest common factor of u and p.
58
Let a be ((-637)/195 - 15/(-9)) + (-16929)/(-15). Let g be 1/(-4) + 197/4. Calculate the highest common divisor of a and g.
49
Suppose 14*v + 18 - 102 = 0. Suppose v*n = 11*n - 20. Let t = n - -18. Calculate the greatest common factor of 11 and t.
11
Let c(w) = 2*w**2 + 8. Let r 